{"id":749,"date":"2024-09-16T20:31:14","date_gmt":"2024-09-16T18:31:14","guid":{"rendered":"https:\/\/feuerwehr.edvexperten.de\/?page_id=749"},"modified":"2024-09-16T21:03:09","modified_gmt":"2024-09-16T19:03:09","slug":"geschichte","status":"publish","type":"page","link":"https:\/\/feuerwehr.edvexperten.de\/index.php\/ueber-uns\/geschichte\/","title":{"rendered":"Geschichte"},"content":{"rendered":"\t\t<div data-elementor-type=\"wp-page\" data-elementor-id=\"749\" class=\"elementor elementor-749\" data-elementor-post-type=\"page\">\n\t\t\t\t<div class=\"elementor-element elementor-element-789635a e-flex e-con-boxed e-con e-parent\" data-id=\"789635a\" data-element_type=\"container\">\n\t\t\t\t\t<div class=\"e-con-inner\">\n\t\t<div class=\"elementor-element elementor-element-ebf83a8 e-con-full e-flex e-con e-child\" data-id=\"ebf83a8\" data-element_type=\"container\">\n\t\t\t\t<div class=\"elementor-element elementor-element-6f509c8 elementor-widget elementor-widget-heading\" data-id=\"6f509c8\" data-element_type=\"widget\" data-widget_type=\"heading.default\">\n\t\t\t\t<div class=\"elementor-widget-container\">\n\t\t\t<h2 class=\"elementor-heading-title elementor-size-default\">100 Jahre Geschichte FF Duingen<\/h2>\t\t<\/div>\n\t\t\t\t<\/div>\n\t\t\t\t<\/div>\n\t\t\t\t\t<\/div>\n\t\t\t\t<\/div>\n\t\t<div class=\"elementor-element elementor-element-f12c32a e-flex e-con-boxed e-con e-parent\" data-id=\"f12c32a\" data-element_type=\"container\">\n\t\t\t\t\t<div class=\"e-con-inner\">\n\t\t\t\t<div class=\"elementor-element elementor-element-9944864 elementor-widget-divider--view-line elementor-widget elementor-widget-divider\" data-id=\"9944864\" data-element_type=\"widget\" data-widget_type=\"divider.default\">\n\t\t\t\t<div class=\"elementor-widget-container\">\n\t\t\t\t\t<div class=\"elementor-divider\">\n\t\t\t<span class=\"elementor-divider-separator\">\n\t\t\t\t\t\t<\/span>\n\t\t<\/div>\n\t\t\t\t<\/div>\n\t\t\t\t<\/div>\n\t\t\t\t\t<\/div>\n\t\t\t\t<\/div>\n\t\t<div class=\"elementor-element elementor-element-2a3d432 e-flex e-con-boxed e-con e-parent\" data-id=\"2a3d432\" data-element_type=\"container\">\n\t\t\t\t\t<div class=\"e-con-inner\">\n\t\t\t\t<div class=\"elementor-element elementor-element-6b7866d elementor-nav-menu__align-start elementor-nav-menu--dropdown-tablet elementor-nav-menu__text-align-aside elementor-nav-menu--toggle elementor-nav-menu--burger elementor-widget elementor-widget-nav-menu\" data-id=\"6b7866d\" data-element_type=\"widget\" data-settings=\"{&quot;layout&quot;:&quot;horizontal&quot;,&quot;submenu_icon&quot;:{&quot;value&quot;:&quot;&lt;svg class=\\&quot;e-font-icon-svg e-fas-caret-down\\&quot; viewBox=\\&quot;0 0 320 512\\&quot; xmlns=\\&quot;http:\\\/\\\/www.w3.org\\\/2000\\\/svg\\&quot;&gt;&lt;path d=\\&quot;M31.3 192h257.3c17.8 0 26.7 21.5 14.1 34.1L174.1 354.8c-7.8 7.8-20.5 7.8-28.3 0L17.2 226.1C4.6 213.5 13.5 192 31.3 192z\\&quot;&gt;&lt;\\\/path&gt;&lt;\\\/svg&gt;&quot;,&quot;library&quot;:&quot;fa-solid&quot;},&quot;toggle&quot;:&quot;burger&quot;}\" data-widget_type=\"nav-menu.default\">\n\t\t\t\t<div class=\"elementor-widget-container\">\n\t\t\t\t\t\t<nav aria-label=\"Men\u00fc\" class=\"elementor-nav-menu--main elementor-nav-menu__container elementor-nav-menu--layout-horizontal e--pointer-background e--animation-fade\">\n\t\t\t\t<ul id=\"menu-1-6b7866d\" class=\"elementor-nav-menu\"><li class=\"menu-item menu-item-type-post_type menu-item-object-page menu-item-755\"><a href=\"https:\/\/feuerwehr.edvexperten.de\/index.php\/ueber-uns\/geschichte\/\" class=\"elementor-item\">Geschichte<\/a><\/li>\n<\/ul>\t\t\t<\/nav>\n\t\t\t\t\t<div class=\"elementor-menu-toggle\" role=\"button\" tabindex=\"0\" aria-label=\"Men\u00fc Umschalter\" aria-expanded=\"false\">\n\t\t\t<svg aria-hidden=\"true\" role=\"presentation\" class=\"elementor-menu-toggle__icon--open e-font-icon-svg e-eicon-menu-bar\" viewBox=\"0 0 1000 1000\" xmlns=\"http:\/\/www.w3.org\/2000\/svg\"><path d=\"M104 333H896C929 333 958 304 958 271S929 208 896 208H104C71 208 42 237 42 271S71 333 104 333ZM104 583H896C929 583 958 554 958 521S929 458 896 458H104C71 458 42 487 42 521S71 583 104 583ZM104 833H896C929 833 958 804 958 771S929 708 896 708H104C71 708 42 737 42 771S71 833 104 833Z\"><\/path><\/svg><svg aria-hidden=\"true\" role=\"presentation\" class=\"elementor-menu-toggle__icon--close e-font-icon-svg e-eicon-close\" viewBox=\"0 0 1000 1000\" xmlns=\"http:\/\/www.w3.org\/2000\/svg\"><path d=\"M742 167L500 408 258 167C246 154 233 150 217 150 196 150 179 158 167 167 154 179 150 196 150 212 150 229 154 242 171 254L408 500 167 742C138 771 138 800 167 829 196 858 225 858 254 829L496 587 738 829C750 842 767 846 783 846 800 846 817 842 829 829 842 817 846 804 846 783 846 767 842 750 829 737L588 500 833 258C863 229 863 200 833 171 804 137 775 137 742 167Z\"><\/path><\/svg>\t\t\t<span class=\"elementor-screen-only\">Men\u00fc<\/span>\n\t\t<\/div>\n\t\t\t\t\t<nav class=\"elementor-nav-menu--dropdown elementor-nav-menu__container\" aria-hidden=\"true\">\n\t\t\t\t<ul id=\"menu-2-6b7866d\" class=\"elementor-nav-menu\"><li class=\"menu-item menu-item-type-post_type menu-item-object-page menu-item-755\"><a href=\"https:\/\/feuerwehr.edvexperten.de\/index.php\/ueber-uns\/geschichte\/\" class=\"elementor-item\" tabindex=\"-1\">Geschichte<\/a><\/li>\n<\/ul>\t\t\t<\/nav>\n\t\t\t\t<\/div>\n\t\t\t\t<\/div>\n\t\t\t\t\t<\/div>\n\t\t\t\t<\/div>\n\t\t<div class=\"elementor-element elementor-element-59dc24c e-flex e-con-boxed e-con e-parent\" data-id=\"59dc24c\" data-element_type=\"container\">\n\t\t\t\t\t<div class=\"e-con-inner\">\n\t\t\t\t<div class=\"elementor-element elementor-element-cb2816e elementor-widget elementor-widget-text-editor\" data-id=\"cb2816e\" data-element_type=\"widget\" data-widget_type=\"text-editor.default\">\n\t\t\t\t<div class=\"elementor-widget-container\">\n\t\t\t\t\t\t\t<p>Sehr geehrte (Liebe) Leserinnen und Leser,<\/p><p>ob spektakul\u00e4re Gro\u00dfbr\u00e4nde oder Eins\u00e4tze aus denen mittlerweile Anekdoten wurden; Wer die Geschichte der Freiwilligen Feuerwehr Duingen ergr\u00fcnden will, muss mittlerweile mehr als 100 Jahre in die Vergangenheit blicken. In den nachfolgenden Kapiteln lassen wir l\u00e4ngst vergessene Bilder wieder aufleben. Wann bekam die Freiwillige Feuerwehr das erste L\u00f6schfahrzeug und welche Br\u00e4nde waren so historisch, dass man noch heute davon spricht?<\/p><p>Den vorbildlichen Leistungen der Feuerwehrm\u00e4nner, gerade w\u00e4hrend und nach den beiden Weltkriegen, wollen wir in dieser Rubrik unseren Respekt und unsere Anerkennung zollen.\u00a0<\/p><p>\u00a0<\/p><p>Diese Aufzeichnungen zeigen, welchen enormen Gefahren sich die Feuerwehrleute w\u00e4hrend der Eins\u00e4tze freiwillig aussetzten. Der Schriftzug auf unserem Duinger Einsatzleitwagen fast ihre Motivation in einem kurzen Satz zusammen:\u00a0<\/p><p style=\"text-align: left; padding-left: 80px;\"><strong><em>Unsere Freizeit f\u00fcr Ihre Sicherheit<\/em><\/strong><\/p><p>Der Geist, welcher jene M\u00e4nner bei der Gr\u00fcndung 1911 antrieb, zu retten, zu l\u00f6schen, zu bergen und zu sch\u00fctzen, lebt bis heute in unserer Wehr weiter. So lautet der Leitspruch der Freiwilligen Feuerwehr\u00a0<\/p><p style=\"padding-left: 80px;\">\u201e<strong><em>Gott zur Ehr, dem n\u00e4chsten zur Wehr<\/em><\/strong>\u201c<\/p>\t\t\t\t\t\t<\/div>\n\t\t\t\t<\/div>\n\t\t\t\t\t<\/div>\n\t\t\t\t<\/div>\n\t\t<div class=\"elementor-element elementor-element-098ea2f e-flex e-con-boxed e-con e-parent\" data-id=\"098ea2f\" data-element_type=\"container\">\n\t\t\t\t\t<div class=\"e-con-inner\">\n\t\t\t\t<div class=\"elementor-element elementor-element-abadad0 elementor-widget elementor-widget-image\" data-id=\"abadad0\" data-element_type=\"widget\" data-widget_type=\"image.default\">\n\t\t\t\t<div class=\"elementor-widget-container\">\n\t\t\t\t\t\t\t\t\t\t<figure class=\"wp-caption\">\n\t\t\t\t\t\t\t\t\t\t<img fetchpriority=\"high\" decoding=\"async\" width=\"768\" height=\"545\" src=\"https:\/\/feuerwehr.edvexperten.de\/wp-content\/uploads\/2024\/09\/thumb_IMG_0037_1024-768x545.jpg\" class=\"attachment-medium_large size-medium_large wp-image-763\" alt=\"\" srcset=\"https:\/\/feuerwehr.edvexperten.de\/wp-content\/uploads\/2024\/09\/thumb_IMG_0037_1024-768x545.jpg 768w, https:\/\/feuerwehr.edvexperten.de\/wp-content\/uploads\/2024\/09\/thumb_IMG_0037_1024-300x213.jpg 300w, https:\/\/feuerwehr.edvexperten.de\/wp-content\/uploads\/2024\/09\/thumb_IMG_0037_1024-1024x727.jpg 1024w, https:\/\/feuerwehr.edvexperten.de\/wp-content\/uploads\/2024\/09\/thumb_IMG_0037_1024.jpg 1052w\" sizes=\"(max-width: 768px) 100vw, 768px\" \/>\t\t\t\t\t\t\t\t\t\t\t<figcaption class=\"widget-image-caption wp-caption-text\">Wettbewerbe in den 50er Jahren<\/figcaption>\n\t\t\t\t\t\t\t\t\t\t<\/figure>\n\t\t\t\t\t\t\t<\/div>\n\t\t\t\t<\/div>\n\t\t\t\t\t<\/div>\n\t\t\t\t<\/div>\n\t\t<div class=\"elementor-element elementor-element-710cd17 e-flex e-con-boxed e-con e-parent\" data-id=\"710cd17\" data-element_type=\"container\">\n\t\t\t\t\t<div class=\"e-con-inner\">\n\t\t\t\t<div class=\"elementor-element elementor-element-6b3e34c elementor-widget elementor-widget-text-editor\" data-id=\"6b3e34c\" data-element_type=\"widget\" data-widget_type=\"text-editor.default\">\n\t\t\t\t<div class=\"elementor-widget-container\">\n\t\t\t\t\t\t\t<p>Weiter mit \u00a0&#8222;L\u00f6schwesen vor Gr\u00fcndung&#8220;<\/p>\t\t\t\t\t\t<\/div>\n\t\t\t\t<\/div>\n\t\t\t\t\t<\/div>\n\t\t\t\t<\/div>\n\t\t\t\t<\/div>\n\t\t","protected":false},"excerpt":{"rendered":"<p>100 Jahre Geschichte FF Duingen Sehr geehrte (Liebe) Leserinnen und Leser, ob spektakul\u00e4re Gro\u00dfbr\u00e4nde oder Eins\u00e4tze aus denen mittlerweile Anekdoten wurden; Wer die Geschichte der Freiwilligen Feuerwehr Duingen ergr\u00fcnden will, muss mittlerweile mehr als 100 Jahre in die Vergangenheit blicken. In den nachfolgenden Kapiteln lassen wir l\u00e4ngst vergessene Bilder wieder aufleben. Wann bekam die Freiwillige [&hellip;]<\/p>\n","protected":false},"author":2,"featured_media":0,"parent":2,"menu_order":0,"comment_status":"closed","ping_status":"closed","template":"elementor_header_footer","meta":{"footnotes":""},"class_list":["post-749","page","type-page","status-publish","hentry"],"_links":{"self":[{"href":"https:\/\/feuerwehr.edvexperten.de\/index.php\/wp-json\/wp\/v2\/pages\/749","targetHints":{"allow":["GET"]}}],"collection":[{"href":"https:\/\/feuerwehr.edvexperten.de\/index.php\/wp-json\/wp\/v2\/pages"}],"about":[{"href":"https:\/\/feuerwehr.edvexperten.de\/index.php\/wp-json\/wp\/v2\/types\/page"}],"author":[{"embeddable":true,"href":"https:\/\/feuerwehr.edvexperten.de\/index.php\/wp-json\/wp\/v2\/users\/2"}],"replies":[{"embeddable":true,"href":"https:\/\/feuerwehr.edvexperten.de\/index.php\/wp-json\/wp\/v2\/comments?post=749"}],"version-history":[{"count":14,"href":"https:\/\/feuerwehr.edvexperten.de\/index.php\/wp-json\/wp\/v2\/pages\/749\/revisions"}],"predecessor-version":[{"id":766,"href":"https:\/\/feuerwehr.edvexperten.de\/index.php\/wp-json\/wp\/v2\/pages\/749\/revisions\/766"}],"up":[{"embeddable":true,"href":"https:\/\/feuerwehr.edvexperten.de\/index.php\/wp-json\/wp\/v2\/pages\/2"}],"wp:attachment":[{"href":"https:\/\/feuerwehr.edvexperten.de\/index.php\/wp-json\/wp\/v2\/media?parent=749"}],"curies":[{"name":"wp","href":"https:\/\/api.w.org\/{rel}","templated":true}]}}